{"id":2,"date":"2017-07-20T18:35:11","date_gmt":"2017-07-20T18:35:11","guid":{"rendered":"https:\/\/timba.nics.unicamp.br\/?page_id=2"},"modified":"2019-09-08T12:03:22","modified_gmt":"2019-09-08T12:03:22","slug":"sample-page","status":"publish","type":"page","link":"https:\/\/timba.nics.unicamp.br\/index.php\/sample-page\/","title":{"rendered":"O que \u00e9?"},"content":{"rendered":"<p>Os certificados de estudo da FEEC apareceram para atribuir reconhecimento a atividades de especializa\u00e7\u00e3o acad\u00eamica sem que, para isso, o car\u00e1ter generalista do curso fosse descartado. A maneira que foi encontrada para operacionalizar esses certificados foi vincul\u00e1-los \u00e0 obten\u00e7\u00e3o de cr\u00e9dito em disciplinas espec\u00edficas de cada \u00e1rea. No <a href=\"http:\/\/www.fee.unicamp.br\/node\/509\">site da CG\/FEEC<\/a>, voc\u00ea pode ver os certificados que est\u00e3o vigentes hoje em dia.<\/p>\n<p>Certificados de estudo n\u00e3o s\u00e3o programas de gradua\u00e7\u00e3o de p\u00f3s-gradua\u00e7\u00e3o. Tratam-se de reconhecimentos por estudos avan\u00e7ados a uma \u00e1rea, e s\u00e3o emitidos em complemento ao diploma de gradua\u00e7\u00e3o. Eles podem ser obtidos por qualquer aluno de gradua\u00e7\u00e3o da Unicamp, independente de seu curso.<\/p>\n<p>O certificado de estudos em Engenharia de Som apareceu em 1994, num esfor\u00e7o dos professores Yaro Burian e Rafael Mendes. O objetivo do certificado, segundo a instru\u00e7\u00e3o que o cria, pretende fornecer aos alunos conhecimentos b\u00e1sicos em engenharia de som, envolvendo a ac\u00fastica cl\u00e1ssica, tratamento digital do som e conhecimentos de m\u00fasica (linguagem musical e percep\u00e7\u00e3o).<\/p>\n<p>O nome &#8220;engenharia de som&#8221; foi escolhido para significar o campo interdisciplinar em que a engenharia \u00e9 motivada por aplica\u00e7\u00f5es sonoras. Ele envolve tanto ac\u00fastica e eletroac\u00fastica quanto t\u00e9cnicas de s\u00edntese e escuta de m\u00e1quina.<\/p>\n<div id=\"ez-toc-container\" class=\"ez-toc-v2_0_82_2 counter-hierarchy ez-toc-counter ez-toc-transparent ez-toc-container-direction\">\n<p class=\"ez-toc-title\" style=\"cursor:inherit\">\u00cdndice<\/p>\n<label for=\"ez-toc-cssicon-toggle-item-69d3f7321f1dd\" class=\"ez-toc-cssicon-toggle-label\"><span class=\"\"><span class=\"eztoc-hide\" style=\"display:none;\">Toggle<\/span><span class=\"ez-toc-icon-toggle-span\"><svg style=\"fill: #999;color:#999\" xmlns=\"http:\/\/www.w3.org\/2000\/svg\" class=\"list-377408\" width=\"20px\" height=\"20px\" viewBox=\"0 0 24 24\" fill=\"none\"><path d=\"M6 6H4v2h2V6zm14 0H8v2h12V6zM4 11h2v2H4v-2zm16 0H8v2h12v-2zM4 16h2v2H4v-2zm16 0H8v2h12v-2z\" fill=\"currentColor\"><\/path><\/svg><svg style=\"fill: #999;color:#999\" class=\"arrow-unsorted-368013\" xmlns=\"http:\/\/www.w3.org\/2000\/svg\" width=\"10px\" height=\"10px\" viewBox=\"0 0 24 24\" version=\"1.2\" baseProfile=\"tiny\"><path d=\"M18.2 9.3l-6.2-6.3-6.2 6.3c-.2.2-.3.4-.3.7s.1.5.3.7c.2.2.4.3.7.3h11c.3 0 .5-.1.7-.3.2-.2.3-.5.3-.7s-.1-.5-.3-.7zM5.8 14.7l6.2 6.3 6.2-6.3c.2-.2.3-.5.3-.7s-.1-.5-.3-.7c-.2-.2-.4-.3-.7-.3h-11c-.3 0-.5.1-.7.3-.2.2-.3.5-.3.7s.1.5.3.7z\"\/><\/svg><\/span><\/span><\/label><input type=\"checkbox\"  id=\"ez-toc-cssicon-toggle-item-69d3f7321f1dd\"  aria-label=\"Alternar\" \/><nav><ul class='ez-toc-list ez-toc-list-level-1 ' ><li class='ez-toc-page-1 ez-toc-heading-level-1'><a class=\"ez-toc-link ez-toc-heading-1\" href=\"https:\/\/timba.nics.unicamp.br\/index.php\/sample-page\/#O_que_voce_vai_aprender\" >O que voc\u00ea vai aprender<\/a><\/li><li class='ez-toc-page-1 ez-toc-heading-level-1'><a class=\"ez-toc-link ez-toc-heading-2\" href=\"https:\/\/timba.nics.unicamp.br\/index.php\/sample-page\/#O_que_voce_nao_vai_aprender\" >O que voc\u00ea n\u00e3o vai aprender<\/a><\/li><\/ul><\/nav><\/div>\n<h1><span class=\"ez-toc-section\" id=\"O_que_voce_vai_aprender\"><\/span>O que voc\u00ea vai aprender<span class=\"ez-toc-section-end\"><\/span><\/h1>\n<p>Um aluno que tem o certificado de engenharia de som da FEEC \u00e9 capaz de projetar, implementar e testar solu\u00e7\u00f5es relacionadas \u00e0 ac\u00fastica f\u00edsica, eletroac\u00fastica, sistemas de grava\u00e7\u00e3o e reprodu\u00e7\u00e3o espacial do som, s\u00edntese e an\u00e1lise de \u00e1udio e m\u00fasica, etc. Algu\u00e9m que tem o certificado consegue prosseguir com pesquisa e desenvolvimento em temas ligados \u00e0 Engenharia de Som.<\/p>\n<p>Fazem parte do programa:<\/p>\n<ul>\n<li>Ac\u00fastica f\u00edsica<\/li>\n<li>An\u00e1lise de \u00e1udio no dom\u00ednio, do tempo, frequ\u00eancia e tempo-frequ\u00eancia (usando espectrogramas)<\/li>\n<li>Ac\u00fastica de salas (medi\u00e7\u00e3o e an\u00e1lise da resposta ac\u00fastica de salas)<\/li>\n<li>Eletroac\u00fastica (medi\u00e7\u00e3o e an\u00e1lise de microfones e alto-falantes)<\/li>\n<li>Escuta de m\u00e1quina (processamento digital de sinais e intelig\u00eancia artificial)<\/li>\n<li>S\u00edntese de \u00e1udio (aditiva, subtrativa, FM, AM, modelos f\u00edsicos)<\/li>\n<li>Projeto de efeitos digitais cl\u00e1ssicos<\/li>\n<\/ul>\n<h1><span class=\"ez-toc-section\" id=\"O_que_voce_nao_vai_aprender\"><\/span>O que voc\u00ea n\u00e3o vai aprender<span class=\"ez-toc-section-end\"><\/span><\/h1>\n<p>O certificado de engenharia de som n\u00e3o \u00e9 relacionado a t\u00e9cnicas de est\u00fadio\/grava\u00e7\u00e3o\/mixagem\/masteriza\u00e7\u00e3o (somente como consequ\u00eancia das atividades desenvolvidas) e n\u00e3o \u00e9 relacionado a uso de programas espec\u00edficos (em geral, usamos MatLab ou Python para programar nossas pr\u00f3prias solu\u00e7\u00f5es).<\/p>\n<p>N\u00e3o fazem parte do programa:<\/p>\n<ul>\n<li>Usar equipamentos de grava\u00e7\u00e3o ou est\u00fadio<\/li>\n<li>Operar uma mesa de mixagem<\/li>\n<li>Projetar circuitos de pedais de efeito<\/li>\n<li>T\u00e9cnicas de composi\u00e7\u00e3o musical<\/li>\n<li>T\u00e9cnicas de luteria e cria\u00e7\u00e3o de instrumentos musicais<\/li>\n<\/ul>\n","protected":false},"excerpt":{"rendered":"<p>Os certificados de estudo da FEEC apareceram para atribuir reconhecimento a atividades de especializa\u00e7\u00e3o acad\u00eamica sem que, para isso, o car\u00e1ter generalista do curso fosse descartado. A maneira que foi encontrada para operacionalizar esses certificados foi vincul\u00e1-los \u00e0 obten\u00e7\u00e3o de cr\u00e9dito em disciplinas espec\u00edficas de cada \u00e1rea. No site da CG\/FEEC, voc\u00ea pode ver os [&hellip;]<\/p>\n","protected":false},"author":1,"featured_media":0,"parent":0,"menu_order":0,"comment_status":"closed","ping_status":"open","template":"","meta":{"footnotes":""},"class_list":["post-2","page","type-page","status-publish","hentry"],"_links":{"self":[{"href":"https:\/\/timba.nics.unicamp.br\/index.php\/wp-json\/wp\/v2\/pages\/2","targetHints":{"allow":["GET"]}}],"collection":[{"href":"https:\/\/timba.nics.unicamp.br\/index.php\/wp-json\/wp\/v2\/pages"}],"about":[{"href":"https:\/\/timba.nics.unicamp.br\/index.php\/wp-json\/wp\/v2\/types\/page"}],"author":[{"embeddable":true,"href":"https:\/\/timba.nics.unicamp.br\/index.php\/wp-json\/wp\/v2\/users\/1"}],"replies":[{"embeddable":true,"href":"https:\/\/timba.nics.unicamp.br\/index.php\/wp-json\/wp\/v2\/comments?post=2"}],"version-history":[{"count":9,"href":"https:\/\/timba.nics.unicamp.br\/index.php\/wp-json\/wp\/v2\/pages\/2\/revisions"}],"predecessor-version":[{"id":125,"href":"https:\/\/timba.nics.unicamp.br\/index.php\/wp-json\/wp\/v2\/pages\/2\/revisions\/125"}],"wp:attachment":[{"href":"https:\/\/timba.nics.unicamp.br\/index.php\/wp-json\/wp\/v2\/media?parent=2"}],"curies":[{"name":"wp","href":"https:\/\/api.w.org\/{rel}","templated":true}]}}